est common factor of 182571 and 1425?
57
What is the greatest common factor of 4690872 and 1296?
648
Calculate the highest common divisor of 1897 and 29539.
271
What is the highest common divisor of 1402856 and 104?
104
What is the greatest common factor of 4050 and 3262950?
1350
Calculate the greatest common divisor of 31 and 839.
1
Calculate the highest common divisor of 50913 and 9.
9
What is the greatest common factor of 1830 and 502884?
366
Calculate the highest common factor of 86473 and 387.
43
Calculate the greatest common factor of 1200 and 139775.
25
What is the greatest common divisor of 113 and 3014501?
113
What is the highest common factor of 910170 and 810?
270
Calculate the greatest common factor of 33744 and 741.
57
What is the highest common factor of 37 and 5766931?
37
Calculate the highest common factor of 31815 and 5.
5
Calculate the greatest common factor of 24 and 39288.
24
What is the highest common factor of 4395 and 11460?
15
What is the highest common factor of 553 and 665?
7
What is the greatest common factor of 49 and 15085?
7
What is the greatest common divisor of 408 and 11373?
51
What is the highest common divisor of 702 and 179790?
78
Calculate the highest common divisor of 1365 and 6396.
39
What is the highest common factor of 613616 and 16?
16
Calculate the highest common factor of 240757 and 242.
11
Calculate the highest common factor of 1260 and 4802.
14
What is the greatest common divisor of 5940 and 19250?
110
What is the highest common divisor of 585 and 1395?
45
Calculate the greatest common divisor of 7467255 and 270.
135
Calculate the highest common factor of 432 and 10144.
16
What is the greatest common factor of 50 and 58574?
2
Calculate the highest common factor of 63739 and 91.
13
What is the highest common factor of 61 and 761707?
61
Calculate the greatest common factor of 1032 and 211689.
129
What is the greatest common divisor of 22 and 4247683?
11
What is the highest common factor of 418900 and 885?
295
What is the highest common factor of 80607 and 68967?
291
Calculate the highest common factor of 13062 and 12362.
14
What is the highest common divisor of 230217 and 78?
39
Calculate the greatest common divisor of 9503 and 39.
13
What is the greatest common divisor of 253305 and 117?
117
Calculate the greatest common divisor of 1106 and 304782.
158
Calculate the highest common divisor of 3104 and 1136.
16
What is the greatest common divisor of 179803 and 208?
13
Calculate the highest common divisor of 47 and 1008949.
47
What is the highest common divisor of 69650 and 4776?
398
Calculate the highest common factor of 1595200 and 75.
25
What is the highest common factor of 35840 and 46060?
140
Calculate the greatest common factor of 6230 and 770.
70
Calculate the highest common divisor of 378 and 1992.
6
Calculate the highest common divisor of 9750 and 2184.
78
What is the highest common factor of 154624 and 12288?
1024
Calculate the highest common divisor of 9 and 473832.
9
What is the highest common divisor of 762 and 1738?
2
Calculate the greatest common divisor of 600 and 201675.
75
What is the highest common divisor of 112 and 17976?
56
What is the greatest common divisor of 197241 and 19393?
473
What is the highest common factor of 324 and 108684?
36
What is the highest common divisor of 1364 and 62248?
124
Calculate the highest common factor of 55 and 356939.
11
What is the highest common factor of 6852 and 1524?
12
Calculate the highest common factor of 167 and 3803759.
167
What is the greatest common divisor of 16 and 981120?
16
What is the highest common factor of 11196 and 12024?
36
Calculate the greatest common factor of 37733 and 1358.
97
What is the highest common factor of 629691 and 2435?
487
Calculate the greatest common factor of 63982 and 2.
2
Calculate the greatest common factor of 688 and 1061584.
688
Calculate the highest common factor of 2505 and 1140.
15
What is the greatest common factor of 18 and 111?
3
Calculate the highest common factor of 14299 and 10981.
79
Calculate the greatest common divisor of 290 and 397280.
10
What is the highest common factor of 1679 and 7446?
73
What is the highest common factor of 11030 and 40?
10
What is the greatest common divisor of 379786 and 110?
22
What is the highest common factor of 1545 and 13287?
309
What is the highest common factor of 4 and 718748?
4
What is the greatest common divisor of 562 and 1942834?
562
What is the greatest common factor of 83029 and 1264?
79
What is the highest common factor of 168606 and 102?
102
Calculate the greatest common factor of 596 and 691211.
149
What is the greatest common factor of 2478 and 44427?
177
Calculate the highest common divisor of 481 and 1157.
13
What is the greatest common factor of 1336 and 27388?
668
Calculate the highest common divisor of 231104 and 942.
314
Calculate the greatest common factor of 429 and 14729.
143
Calculate the highest common divisor of 78461 and 2263.
31
What is the highest common divisor of 832 and 11392?
64
Calculate the highest common factor of 22 and 27731.
11
Calculate the highest common divisor of 1140822 and 5490.
1098
Calculate the greatest common factor of 6148 and 1160.
116
What is the greatest common factor of 2860 and 1625?
65
Calculate the greatest common divisor of 625660 and 654.
218
What is the highest common factor of 147396 and 2272?
284
Calculate the greatest common divisor of 38192 and 80.
16
What is the greatest common factor of 105 and 12120?
15
What is the greatest common divisor of 121754 and 34?
34
Calculate the greatest common factor of 588 and 6516.
12
What is the highest common factor of 6285 and 1200?
15
Calculate the greatest common divisor of 43173 and 26.
13
What is the highest common divisor of 4807 and 667?
23
What is the highest common divisor of 2272 and 497?
71
Calculate the greatest common divisor of 64 and 375504.
16
What is the greatest common divisor of 5809 and 222?
37
Calculate the highest common divisor of 4147659 and 621.
621
Calculate the highest common factor of 146 and 194983.
73
What is the greatest common divisor of 26614 and 35?
7
Calculate the highest common divisor of 192 and 540.
12
What is the greatest common factor of 106 and 18179?
53
What is the highest common factor of 7480 and 4510?
110
Calculate the highest common divisor of 56 and 14777.
7
Calculate the greatest common divisor of 56014 and 1148.
14
What is the greatest common divisor of 6864 and 5005?
143
What is the highest common factor of 3324958 and 182?
182
Calculate the highest common divisor of 765 and 122655.
255
Calculate the greatest common factor of 702 and 488826.
234
What is the greatest common factor of 65151 and 1809?
27
What is the greatest common divisor of 644 and 44114?
322
Calculate the greatest common divisor of 2236 and 22.
2
Calculate the greatest common factor of 343296 and 16.
16
Calculate the greatest common factor of 1643 and 22413.
31
Calculate the greatest common divisor of 2121 and 2877.
21
Calculate the highest common divisor of 111 and 66159.
3
What is the highest common factor of 3005 and 5409?
601
What is the highest common factor of 1060 and 1980?
20
Calculate the highest common factor of 14 and 124187.
7
Calculate the highest common factor of 12 and 217518.
6
Calculate the greatest common divisor of 7 and 1087331.
7
Calculate the greatest common divisor of 62874 and 84.
42
Calculate the greatest common divisor of 87864 and 336.
168
What is the greatest common divisor of 7 and 2892?
1
What is the greatest common factor of 1129176 and 168?
24
What is the highest common divisor of 63 and 8886843?
63
Calculate the greatest common factor of 29 and 544591.
29
Calculate the greatest common divisor of 50 and 4775.
25
Calculate the greatest common factor of 121 and 1.
1
What is the greatest common divisor of 235278 and 783?
27
What is the greatest common divisor of 3094 and 453934?
442
What is the greatest common divisor of 7667 and 17?
17
Calculate the highest common factor of 17 and 1192312.
17
Calculate the greatest common factor of 7752 and 405960.
408
Calculate the highest common factor of 2712 and 128.
8
Calculate the greatest common divisor of 141 and 26038.
47
What is the greatest common divisor of 1493 and 1690